{"id":16941,"date":"2020-03-02T10:27:05","date_gmt":"2020-03-02T10:27:05","guid":{"rendered":"https:\/\/demo43.houzez.co\/?page_id=16941"},"modified":"2026-02-10T15:52:20","modified_gmt":"2026-02-10T15:52:20","slug":"contact","status":"publish","type":"page","link":"https:\/\/www.groupmrt.com\/?page_id=16941","title":{"rendered":"\u0130leti\u015fim"},"content":{"rendered":"\t\t<div data-elementor-type=\"wp-page\" data-elementor-id=\"16941\" class=\"elementor elementor-16941\">\n\t\t\t\t<div class=\"elementor-element elementor-element-6296c86 e-flex e-con-boxed e-con e-parent\" data-id=\"6296c86\" data-element_type=\"container\" data-e-type=\"container\">\n\t\t\t\t\t<div class=\"e-con-inner\">\n\t\t\t\t<div class=\"elementor-element elementor-element-a8f7c46 elementor-widget elementor-widget-html\" data-id=\"a8f7c46\" data-element_type=\"widget\" data-e-type=\"widget\" data-widget_type=\"html.default\">\n\t\t\t\t\t<script type=\"application\/ld+json\">\r\n{\r\n  \"@context\": \"https:\/\/schema.org\",\r\n  \"@type\": \"ContactPage\",\r\n  \"name\": \"\u0130leti\u015fim | MRT Group Bodrum Gayrimenkul Dan\u0131\u015fmanl\u0131\u011f\u0131\",\r\n  \"url\": \"https:\/\/www.groupmrt.com\/contact\/\",\r\n  \"contactPoint\": {\r\n    \"@type\": \"ContactPoint\",\r\n    \"telephone\": \"+905423405195\",\r\n    \"contactType\": \"customer service\",\r\n    \"areaServed\": \"TR\",\r\n    \"availableLanguage\": [\"tr\", \"en\", \"de\", \"ru\", \"ar\"]\r\n  },\r\n  \"mainEntity\": {\r\n    \"@type\": \"RealEstateAgent\",\r\n    \"name\": \"MRT Group Bodrum\",\r\n    \"url\": \"https:\/\/www.groupmrt.com\/\",\r\n    \"telephone\": \"+905423405195\",\r\n    \"address\": {\r\n      \"@type\": \"PostalAddress\",\r\n      \"addressLocality\": \"Bodrum\",\r\n      \"addressRegion\": \"Mu\u011fla\",\r\n      \"addressCountry\": \"TR\"\r\n    },\r\n    \"areaServed\": {\r\n      \"@type\": \"AdministrativeArea\",\r\n      \"name\": \"Bodrum\"\r\n    },\r\n    \"openingHoursSpecification\": [\r\n      {\r\n        \"@type\": \"OpeningHoursSpecification\",\r\n        \"dayOfWeek\": [\r\n          \"Monday\",\r\n          \"Tuesday\",\r\n          \"Wednesday\",\r\n          \"Thursday\",\r\n          \"Friday\"\r\n        ],\r\n        \"opens\": \"09:00\",\r\n        \"closes\": \"19:00\"\r\n      },\r\n      {\r\n        \"@type\": \"OpeningHoursSpecification\",\r\n        \"dayOfWeek\": \"Saturday\",\r\n        \"opens\": \"09:00\",\r\n        \"closes\": \"18:00\"\r\n      }\r\n    ]\r\n  }\r\n}\r\n<\/script>\r\n\t\t\t\t<\/div>\n\t\t\t\t\t<\/div>\n\t\t\t\t<\/div>\n\t\t<div class=\"elementor-element elementor-element-a5a717b e-flex e-con-boxed e-con e-parent\" data-id=\"a5a717b\" data-element_type=\"container\" data-e-type=\"container\">\n\t\t\t\t\t<div class=\"e-con-inner\">\n\t\t<div class=\"elementor-element elementor-element-cdf7d09 e-con-full e-flex e-con e-child\" data-id=\"cdf7d09\" data-element_type=\"container\" data-e-type=\"container\">\n\t\t\t\t<div class=\"elementor-element elementor-element-3d13451 elementor-widget elementor-widget-text-editor\" data-id=\"3d13451\" data-element_type=\"widget\" data-e-type=\"widget\" data-widget_type=\"text-editor.default\">\n\t\t\t\t\t\t\t\t\t<p><strong data-start=\"353\" data-end=\"369\">\u00c7al\u0131\u015fma Saatlerimiz<\/strong><br data-start=\"369\" data-end=\"372\" \/><strong>Pazartesi \u2013 Cuma:<\/strong> 9:00 \u2013 19:00<br \/><strong>Cumartesi<\/strong>: 9:00 \u2013 18:00<br \/><strong>Pazar<\/strong>: Randevu ile<br \/>\u2713 Yetkili Emlak Ofisi <br \/>\u2713 Ta\u015f\u0131nmaz Ticareti Yetki Belgesi No: 4801483<br \/><br \/><\/p>\t\t\t\t\t\t\t\t<\/div>\n\t\t\t\t<div class=\"elementor-element elementor-element-327cc62 elementor-widget elementor-widget-houzez_elementor_agent_card\" data-id=\"327cc62\" data-element_type=\"widget\" data-e-type=\"widget\" data-widget_type=\"houzez_elementor_agent_card.default\">\n\t\t\t\t<div class=\"elementor-widget-container\">\n\t\t\t\t\t            <div class=\"agent-information-module\">\n                <div class=\"property-form-wrap border-none\" role=\"complementary\">\n                    <div class=\"agent-details\" role=\"region\">\n                        <div class=\"d-flex flex-column align-items-center gap-3\">\n                            \n                                    <div class=\"agent-image\">\n            <a href=\"https:\/\/www.groupmrt.com\/?houzez_agent=mrt-group\">\n                <img decoding=\"async\" class=\"rounded-circle\" src=\"https:\/\/www.groupmrt.com\/wp-content\/uploads\/2026\/01\/300x300-black-insta-profil.jpg\" width=\"120\" height=\"120\" alt=\"Profile photo of agent MRT GROUP\">\n            <\/a>\n        <\/div>\n        \n                            <ul class=\"agent-information list-unstyled d-flex flex-column align-items-center gap-1 m-0\">\n                                <li class=\"agent-name mb-2 text-center\">\n                                            <ul class=\"agent-information list-unstyled mb-0\" role=\"list\">\n            <li class=\"agent-name\" role=\"listitem\">\n                <a href=\"https:\/\/www.groupmrt.com\/?houzez_agent=mrt-group\">MRT GROUP<\/a>\n                            <\/li>\n                    <\/ul>\n                                        <\/li>\n                                                                                                <li class=\"item-buttons-wrap d-flex gap-1 mt-3 mb-2\">\n                                                <button type=\"button\" class=\"agent-information-btn btn btn-primary-outlined p-0 d-flex align-items-center justify-content-center flex-fill gap-1\" data-bs-toggle=\"modal\" data-bs-target=\"#modal-phone-qIyLq\">\n                <span class=\"d-block\" data-bs-toggle=\"tooltip\" title=\"Call\">\n                    <i class=\"houzez-icon icon-phone-actions-ring\"><\/i>\n                <\/span>\n            <\/button>\n                        <a href=\"https:\/\/wa.me\/05423405195\" target=\"_blank\" class=\"agent-information-btn btn btn-primary-outlined p-0 d-flex align-items-center justify-content-center flex-fill gap-1\">\n                <span class=\"d-block\" data-bs-toggle=\"tooltip\" title=\"WhatsApp\">\n                    <i class=\"houzez-icon icon-messaging-whatsapp\"><\/i>\n                <\/span>\n            <\/a>\n                    <div class=\"modal fade modal-phone-number\" id=\"modal-phone-qIyLq\" tabindex=\"-1\" aria-labelledby=\"phoneNumberModalLabel\" aria-hidden=\"true\">\n            <div class=\"modal-dialog\" role=\"document\">\n                <div class=\"modal-content\">\n                    <div class=\"modal-header\">\n                        <h5 class=\"modal-title\" id=\"phoneNumberModalLabel\">Contact us<\/h5>\n                        <button type=\"button\" class=\"btn-close\" data-bs-dismiss=\"modal\" aria-label=\"Close\"><\/button>\n                    <\/div><!-- modal-header -->\n                    <div class=\"modal-body\">\n\n                        \n                        <p class=\"modal-body-phone-number-number\">\n                            <a class=\"btn btn-primary-outlined\" href=\"tel:05423405195\"><i class=\"houzez-icon icon-phone-actions-ring\"><\/i> 05423405195<\/a>\n                        <\/p>\n                    <\/div><!-- modal-body -->\n                <\/div><!-- modal-content -->\n            <\/div><!-- modal-dialog -->\n        <\/div><!-- login-register-form -->\n                                        <\/li>\n                                                            <\/ul>\n                        <\/div>\n                    <\/div>\n                <\/div>\n            <\/div>\n        \t\t\t\t<\/div>\n\t\t\t\t<\/div>\n\t\t\t\t<\/div>\n\t\t<div class=\"elementor-element elementor-element-9cb3c3e e-con-full e-flex e-con e-child\" data-id=\"9cb3c3e\" data-element_type=\"container\" data-e-type=\"container\">\n\t\t<div class=\"elementor-element elementor-element-03aeb99 e-con-full e-flex e-con e-child\" data-id=\"03aeb99\" data-element_type=\"container\" data-e-type=\"container\" data-settings=\"{&quot;background_background&quot;:&quot;classic&quot;}\">\n\t\t\t\t<div class=\"elementor-element elementor-element-016bee1 elementor-widget elementor-widget-html\" data-id=\"016bee1\" data-element_type=\"widget\" data-e-type=\"widget\" data-widget_type=\"html.default\">\n\t\t\t\t\t<iframe src=\"https:\/\/www.google.com\/maps\/embed?pb=!1m18!1m12!1m3!1d3918.3286698911647!2d27.387066376388347!3d37.04748545372034!2m3!1f0!2f0!3f0!3m2!1i1024!2i768!4f13.1!3m3!1m2!1s0x14be6df4f628526d%3A0x6ae284e230063bd2!2zTVJUIEdyb3VwIHwgQm9kcnVtIEdheXJpbWVua3VsIERhbsSxxZ9tYW5sxLHEn8Sx!5e1!3m2!1str!2str!4v1769157483862!5m2!1str!2str\" width=\"600\" height=\"450\" style=\"border:0;\" allowfullscreen=\"\" loading=\"lazy\" referrerpolicy=\"no-referrer-when-downgrade\"><\/iframe>\t\t\t\t<\/div>\n\t\t\t\t<\/div>\n\t\t\t\t<\/div>\n\t\t\t\t\t<\/div>\n\t\t\t\t<\/div>\n\t\t<div class=\"elementor-element elementor-element-cd9d428 e-flex e-con-boxed e-con e-parent\" data-id=\"cd9d428\" data-element_type=\"container\" data-e-type=\"container\">\n\t\t\t\t\t<div class=\"e-con-inner\">\n\t\t\t\t<div class=\"elementor-element elementor-element-80cac6e elementor-widget elementor-widget-html\" data-id=\"80cac6e\" data-element_type=\"widget\" data-e-type=\"widget\" data-widget_type=\"html.default\">\n\t\t\t\t\t<script type=\"application\/ld+json\">\r\n{\r\n  \"@context\": \"https:\/\/schema.org\",\r\n  \"@type\": \"RealEstateAgent\",\r\n  \"name\": \"MRT Group Bodrum\",\r\n  \"url\": \"https:\/\/www.groupmrt.com\/\",\r\n  \"telephone\": \"+905423405195\",\r\n  \"address\": {\r\n    \"@type\": \"PostalAddress\",\r\n    \"addressLocality\": \"Bodrum\",\r\n    \"addressRegion\": \"Mu\u011fla\",\r\n    \"addressCountry\": \"TR\"\r\n  },\r\n  \"areaServed\": {\r\n    \"@type\": \"AdministrativeArea\",\r\n    \"name\": \"Bodrum\"\r\n  },\r\n  \"openingHoursSpecification\": [\r\n    {\r\n      \"@type\": \"OpeningHoursSpecification\",\r\n      \"dayOfWeek\": [\r\n        \"Monday\",\"Tuesday\",\"Wednesday\",\"Thursday\",\"Friday\"\r\n      ],\r\n      \"opens\": \"09:00\",\r\n      \"closes\": \"19:00\"\r\n    },\r\n    {\r\n      \"@type\": \"OpeningHoursSpecification\",\r\n      \"dayOfWeek\": \"Saturday\",\r\n      \"opens\": \"09:00\",\r\n      \"closes\": \"18:00\"\r\n    }\r\n  ]\r\n}\r\n<\/script>\r\n\t\t\t\t<\/div>\n\t\t\t\t\t<\/div>\n\t\t\t\t<\/div>\n\t\t\t\t<\/div>\n\t\t","protected":false},"excerpt":{"rendered":"<p>\u00c7al\u0131\u015fma SaatlerimizPazartesi \u2013 Cuma: 9:00 \u2013 19:00Cumartesi: 9:00 \u2013 18:00Pazar: Randevu ile\u2713 Yetkili Emlak Ofisi \u2713 Ta\u015f\u0131nmaz Ticareti Yetki Belgesi No: 4801483 MRT GROUP Contact us 05423405195<\/p>\n","protected":false},"author":1,"featured_media":0,"parent":0,"menu_order":0,"comment_status":"closed","ping_status":"closed","template":"elementor_header_footer","meta":{"footnotes":""},"class_list":["post-16941","page","type-page","status-publish","hentry"],"_links":{"self":[{"href":"https:\/\/www.groupmrt.com\/index.php?rest_route=\/wp\/v2\/pages\/16941","targetHints":{"allow":["GET"]}}],"collection":[{"href":"https:\/\/www.groupmrt.com\/index.php?rest_route=\/wp\/v2\/pages"}],"about":[{"href":"https:\/\/www.groupmrt.com\/index.php?rest_route=\/wp\/v2\/types\/page"}],"author":[{"embeddable":true,"href":"https:\/\/www.groupmrt.com\/index.php?rest_route=\/wp\/v2\/users\/1"}],"replies":[{"embeddable":true,"href":"https:\/\/www.groupmrt.com\/index.php?rest_route=%2Fwp%2Fv2%2Fcomments&post=16941"}],"version-history":[{"count":94,"href":"https:\/\/www.groupmrt.com\/index.php?rest_route=\/wp\/v2\/pages\/16941\/revisions"}],"predecessor-version":[{"id":23164,"href":"https:\/\/www.groupmrt.com\/index.php?rest_route=\/wp\/v2\/pages\/16941\/revisions\/23164"}],"wp:attachment":[{"href":"https:\/\/www.groupmrt.com\/index.php?rest_route=%2Fwp%2Fv2%2Fmedia&parent=16941"}],"curies":[{"name":"wp","href":"https:\/\/api.w.org\/{rel}","templated":true}]}}